{"id":4839,"date":"2016-12-23T14:35:19","date_gmt":"2016-12-23T13:35:19","guid":{"rendered":"http:\/\/www.giochideleporte.it\/?page_id=4839"},"modified":"2025-09-14T19:44:50","modified_gmt":"2025-09-14T17:44:50","slug":"corteo-storico","status":"publish","type":"page","link":"https:\/\/www.giochideleporte.it\/?page_id=4839","title":{"rendered":"Corteo storico"},"content":{"rendered":"<div class=\"wpb-content-wrapper\"><p>[vc_row][vc_column][vc_gallery interval=&#8221;3&#8243; images=&#8221;4840,4841,4842,4843,4844,4845,4846,4847,4848,4849,4850,4851,4852,4853,4854,4855,4858,4856,4857&#8243; img_size=&#8221;full&#8221; css=&#8221;&#8221;][vc_column_text css=&#8221;&#8221;]Mille figuranti, abiti prestigiosi, temi medievali\u2026 \u00e8 questo che caratterizza <strong>il prestigioso corteo storico dei Gioche de le Porte<\/strong>.<\/p>\n<p>Il suono dei tamburi, le chiarine, scene di vita di un tempo, una riproduzione fedele di come si viveva nel medioevo. Dall\u2019agricoltura, all\u2019artigianato, dalla povert\u00e0, alla nobilt\u00e0, passando per stregonerie, magia, arti e mestieri.<\/p>\n<p>Tutto questo per le vie di Gualdo Tadino, l&#8217;ultimo sabato di Settembre, a partire dalle 21:30, prima della lettura dei bandi di sfida e la domenica pomeriggio prima del Palio dell\u2019ultimo fine settimana di settembre, la citt\u00e0 si copre di profumi, colori, musiche e suoni di ci\u00f2 che ha fatto la storia della nostra citt\u00e0.<\/p>\n<p>Giunto alla sua <strong>47esima edizione<\/strong> il Corteo Storico del sabato sera <strong>\u00e8 considerato uno dei pi\u00f9 bei cortei storici a livello internazionale<\/strong> e per l\u2019occasione sar\u00e0 presente una giuria storica esterna che premier\u00e0 la miglior sfilata tra le quattro porte.[\/vc_column_text][\/vc_column][\/vc_row]<\/p>\n<\/div>","protected":false},"excerpt":{"rendered":"<p>[vc_row][vc_column][vc_gallery interval=&#8221;3&#8243; images=&#8221;4840,4841,4842,4843,4844,4845,4846,4847,4848,4849,4850,4851,4852,4853,4854,4855,4858,4856,4857&#8243; img_size=&#8221;full&#8221; css=&#8221;&#8221;][vc_column_text css=&#8221;&#8221;]Mille figuranti, abiti prestigiosi, temi medievali\u2026 \u00e8 questo che caratterizza il prestigioso corteo storico dei Gioche de le Porte. Il suono dei tamburi, le chiarine, scene di vita di un tempo, una riproduzione fedele di come si viveva nel medioevo. Dall\u2019agricoltura, all\u2019artigianato, dalla povert\u00e0, alla nobilt\u00e0, passando per stregonerie, magia,&hellip;<\/p>\n","protected":false},"author":1,"featured_media":0,"parent":0,"menu_order":0,"comment_status":"closed","ping_status":"closed","template":"","meta":{"_acf_changed":false,"inline_featured_image":false,"footnotes":""},"class_list":["post-4839","page","type-page","status-publish","hentry"],"acf":[],"_links":{"self":[{"href":"https:\/\/www.giochideleporte.it\/index.php?rest_route=\/wp\/v2\/pages\/4839","targetHints":{"allow":["GET"]}}],"collection":[{"href":"https:\/\/www.giochideleporte.it\/index.php?rest_route=\/wp\/v2\/pages"}],"about":[{"href":"https:\/\/www.giochideleporte.it\/index.php?rest_route=\/wp\/v2\/types\/page"}],"author":[{"embeddable":true,"href":"https:\/\/www.giochideleporte.it\/index.php?rest_route=\/wp\/v2\/users\/1"}],"replies":[{"embeddable":true,"href":"https:\/\/www.giochideleporte.it\/index.php?rest_route=%2Fwp%2Fv2%2Fcomments&post=4839"}],"version-history":[{"count":1,"href":"https:\/\/www.giochideleporte.it\/index.php?rest_route=\/wp\/v2\/pages\/4839\/revisions"}],"predecessor-version":[{"id":6236,"href":"https:\/\/www.giochideleporte.it\/index.php?rest_route=\/wp\/v2\/pages\/4839\/revisions\/6236"}],"wp:attachment":[{"href":"https:\/\/www.giochideleporte.it\/index.php?rest_route=%2Fwp%2Fv2%2Fmedia&parent=4839"}],"curies":[{"name":"wp","href":"https:\/\/api.w.org\/{rel}","templated":true}]}}